-b58
In base 11, what is 4 - -15180?
15184
In base 3, what is -202001211 - -110?
-202001101
In base 11, what is -32751 - 0?
-32751
In base 16, what is -1549d - -1?
-1549c
In base 9, what is 676 - 60?
616
In base 10, what is -24 - -3369?
3345
In base 6, what is 4105 + -100?
4005
In base 10, what is -13152 - -1?
-13151
In base 2, what is -1100001001 - 1000010?
-1101001011
In base 15, what is 4 - 313a?
-3136
In base 12, what is -1b8 - 1216?
-1412
In base 11, what is -12 + 1214a?
12138
In base 2, what is -11101011111110111 + 10?
-11101011111110101
In base 12, what is -3b005 + -5?
-3b00a
In base 9, what is -4 - -305232?
305227
In base 3, what is 0 + -201020122?
-201020122
In base 8, what is -201704 - 4?
-201710
In base 15, what is -3d + -531e?
-535c
In base 9, what is 230 - -1502?
1732
In base 14, what is -3ab0 - 3?
-3ab3
In base 14, what is -4 - -61a37?
61a33
In base 3, what is -20 + -10012101?
-10012121
In base 2, what is -111000 - 10001011010?
-10010010010
In base 3, what is -212210000 - 2?
-212210002
In base 13, what is 65a2 + -6?
6599
In base 7, what is 1 + -41624?
-41623
In base 5, what is 110141000 + 3?
110141003
In base 14, what is 44 + -2390?
-234a
In base 14, what is 3 - -6797d?
67982
In base 11, what is -7 + 172a1?
17295
In base 5, what is -2 + 224340?
224333
In base 10, what is 24857 + 7?
24864
In base 2, what is -11 + 100101111101111001110?
100101111101111001011
In base 13, what is 4 - b79a6?
-b79a2
In base 2, what is -1010 + -100110000101101111?
-100110000101111001
In base 11, what is a65 - -101?
1066
In base 15, what is -6e38 - -5?
-6e33
In base 13, what is -11a84 + 5?
-11a7c
In base 9, what is -5 + -17740?
-17745
In base 11, what is -83a3 - -2a?
-8374
In base 14, what is -104 + -138?
-23c
In base 7, what is 4 - 520435?
-520431
In base 10, what is -2 - -62376?
62374
In base 14, what is -6dc38 + 3?
-6dc35
In base 11, what is -11 - a7?
-108
In base 16, what is 55d - -33?
590
In base 11, what is 13 - 766?
-753
In base 12, what is -1081 + 35a?
-923
In base 12, what is bbb33 + -3?
bbb30
In base 3, what is -2122 + 110021200?
110012001
In base 14, what is -6b6 - 64?
-73a
In base 2, what is -100100100010001 - 1010011?
-100100101100100
In base 8, what is 3373761 + -2?
3373757
In base 14, what is 9c + -11c0?
-1122
In base 2, what is 1 + 100000111001101?
100000111001110
In base 2, what is 100011101010100 + 100000?
100011101110100
In base 8, what is -764 - 1350?
-2334
In base 9, what is 6 - 870518?
-870512
In base 8, what is -25704 - 1?
-25705
In base 8, what is 1 + 3600?
3601
In base 2, what is 11010111100000 + -1000?
11010111011000
In base 14, what is -a - 754d?
-7559
In base 12, what is -5 + 7580?
7577
In base 9, what is -7 - -3110?
3102
In base 11, what is -4 + 83aa?
83a6
In base 7, what is 4 - -41413?
41420
In base 13, what is -4ca6 + 6?
-4ca0
In base 16, what is -207 + -13?
-21a
In base 2, what is 110100 + -100101000000?
-100100001100
In base 5, what is -11 + -303?
-314
In base 13, what is 7 + 778?
782
In base 7, what is 204404 + -13?
204361
In base 10, what is 17248 + 0?
17248
In base 10, what is -653 - -752?
99
In base 16, what is -1 - 17cb4?
-17cb5
In base 6, what is -421423 + 1?
-421422
In base 9, what is 108786 + -5?
108781
In base 16, what is ca + 9?
d3
In base 8, what is -5 + 25347?
25342
In base 16, what is -bfe - 14?
-c12
In base 8, what is 31 + -216135?
-216104
In base 15, what is 1ae + 160e?
17bd
In base 16, what is 5 - 859?
-854
In base 14, what is -3 - -3687b?
36878
In base 8, what is 53 - 56435?
-56362
In base 9, what is 12455 - 3?
12452
In base 11, what is 137754 - 5?
13774a
In base 5, what is 4030102 + 4?
4030111
In base 15, what is 1e - -1a0?
1be
In base 10, what is -5 + 107425?
107420
In base 4, what is 12133 - 100?
12033
In base 7, what is -1 + -111344?
-111345
In base 4, what is -213 - -20313?
20100
In base 12, what is 5966 + -60?
5906
In base 13, what is 2 + -8b76?
-8b74
In base 7, what is -11 + -440416?
-440430
In base 2, what is -101101100000 + 10111?
-101101001001
In base 12, what is -5 - 41a58?
-41a61
In base 16, what is 38e4 - -7?
38eb
In base 16, what is 90b - -24?
92f
In base 12, what is -b19b - 14?
-b1b3
In base 8, what is 1 + 20244?
20245
In base 15, what is -61a94 - 0?
-61a94
In base 5, what is -1011 - 31311?
-32322
In base 3, what is 1111 + -21110001?
-21101120
In base 15, what is -4 - 1297?
-129b
In base 3, what is 2 - -22002001020?
22002001022
In base 5, what is -1111330 - 0?
-1111330
In base 8, what is -3 - -50021?
50016
In base 6, what is 2 + 343343?
343345
In base 12, what is 19 - 12bb0?
-12b93
In base 12, what is 7a + 3481?
353b
In base 9, what is 1148888 + 4?
1150003
In base 9, what is -4 - -235676?
235672
In base 14, what is -480 + 3?
-47b
In base 5, what is -12 - -430443?
430431
In base 16, what is 2 - -2c47?
2c49
In base 11, what is -649 - -174?
-485
In base 12, what is -10 + -453b?
-454b
In base 5, what is 430 + 14414?
20344
In base 2, what is -1101100010010010 - 110?
-1101100010011000
In base 10, what is -1555504 - -2?
-1555502
In base 10, what is 1339114 - 1?
1339113
In base 4, what is 210 + 230203?
231013
In base 11, what is -2 + -386057?
-386059
In base 10, what is -74 - 574?
-648
In base 4, what is 1323300221 + 1?
1323300222
In base 13, what is 26a9c - 5?
26a97
In base 4, what is -13210331 - -22?
-13210303
In base 8, what is 127 - 72?
35
In base 4, what is 1320 - 11332103?
-11330123
In base 4, what is 121 + 2032?
2213
In base 13, what is -b97 - 14c?
-1016
In base 5, what is -12 - -1001?
434
In base 3, what is 121000 - 1210022?
-1012022
In base 12, what is 8 + 1b1a?
1b26
In base 3, what is -101022021000 - 10?
-101022021010
In base 14, what is -16a + -115d?
-12c9
In base 9, what is -7 - 347813?
-347821
In base 2, what is -1 + 10110001100101?
10110001100100
In base 13, what is 73a7 - -36?
7410
In base 7, what is 20 - 211144?
-211124
In base 7, what is 1133 + 1030?
2163
In base 6, what is 5 - 1011022?
-1011013
In base 9, what is 5 - 14532?
-14526
In base 6, what is 13 + 14331?
14344
In base 11, what is 31140 - 19?
31122
In base 10, what is 679600 + -1?
679599
In base 12, what is -3 - 10487?
-1048a
In base 14, what is d3c0 - -3?
d3c3
In base 5, what is -1103 + 44112?
43004
In base 14, what is -11bc - 4?
-11c2
In base 9, what is -3 + 48185?
48182
In base 15, what is a02ea9 + -4?
a02ea5
In base 14, what is -177 - 53?
-1ca
In base 8, what is -11245 - 33?
-11300
In base 3, what is -1002211010001 + -1?
-1002211010002
In base 7, what is 213 + -1012?
-466
In base 4, what is -113232 + 22?
-113210
In base 7, what is 44 + 40?
114
In base 7, what is -3040 + 23?
-3014
In base 14, what is -65334 - 2?
-65336
In base 6, what is -14200 + 113?
-14043
In base 9, what is 17 + -1312?
-1284
In base 14, what is 7a046 - 3?
7a043
In base 9, what is -73382 + 5?
-73376
In base 7, what is -1530461 + -3?
-1530464
In base 7, what is 122662 - 24?
122635
In base 8, what is -4175163 - -2?
-4175161
In base 5, what is 12342021 - 3?
12342013
In base 9, what is -5 - -41403?
41387
In base 9, what is -8031 - -13?
-8017
In base 16, what is 146 - -2a?
170
In base 4, what is 11 - 3201100?
-3201023
In base 7, what is 314034 - 2?
314032
In base 3, what is 10 + -10200110110110?
-10200110110100
In base 12, what is 25 + -5b6?
-591
In base 14, what is 5a + -510?
-494
In base 11, what is -55 + -1a38a?
-1a434
In base 11, what is -2159 - -29?
-2130
In base 6, what is 1125333 - 0?
1125333
In base 2, what is -100 - 1011100010010?
-1011100010110
In base 8, what is -275 - -72?
-203
In base 15, what is -2 + -6061d?
-60620
In base 11, what is -16765 + -16?
-16780
In base 11, what is 141 + 247?
388
In base 8, what is 36 + -1350?
-1312
In base 7, what is 1120 + -6233?
-5113
In base 6, what is -124522 - -32?
-124450
In base 6, what is 3 - 23002?
-22555
In base 13, what is 0 - 7a1b?
-7a1b
In base 14, what is -9bb5 - 5?
-9bba
In base 7, what is 665 - 6603?
-5605
In base 14, what is -3c13 + -1c?
-3c31
In base 8, what is -1 + -70777?
-71000
In base 5, what is -1341 + 1111?
-230
In base 12, what is 10 - -347a7?
347b7
In base 14, what is -5 - -d3993?
d398c
In base 16, what is -292 + b8?
-1da
In base 4, what is -2 + 23032203?
23032201
In base 14, what is 871b - -6?
8723
In base 13, what is 641 + 17?
658
In base 16, what is 795b - -7?
7962
In base 15, what i